 of l.
2, 3
Let u = 701 - 313. Let w = -263 + u. What are the prime factors of w?
5
Let i(h) = h**3 - 9*h**2 + 6*h - 4. Let l be i(6). Let s = l - -79. Suppose s*n = 148 + 197. What are the prime factors of n?
5, 23
Suppose 8*c = 25*c - 219266 - 2533. What are the prime factors of c?
3, 4349
Let a(r) = -r**2 - 10*r + 3. Let h be a(-10). Suppose -v + 3*u - 23 = -417, -h*v = 3*u - 1230. What are the prime factors of v?
2, 7, 29
Suppose 2*d = 4*b - 86, -b + 4*b - 71 = -5*d. Suppose -4*f + 2444 = b*f. What are the prime factors of f?
2, 47
Suppose 7*c + 234 = -11*c. Let p(v) = v**3 + 12*v**2 - 17*v + 27. What are the prime factors of p(c)?
79
Let r(t) = 22*t - 4. Let b be r(3). What are the prime factors of (-5)/((-3)/(-6) + b/(-116))?
5, 29
Suppose -22 = -2*a + 5*u + 2, -5*a - 2*u = -2. Suppose -3*g + 1285 = 5*n + a*g, 4*g - 248 = -n. List the prime factors of ((-13)/(n/24))/((-3)/310).
2, 31
List the prime factors of (-2762296)/476*(-9 - 0) + (-4)/14.
2, 11, 1187
Suppose -4213 = -47*o + 58*o. Let k = o - -734. What are the prime factors of k?
3, 13
Let l be (-12)/15*330/(-12). Let v = l + -18. Suppose w - 63 = v*h, -w - w + 111 = -5*h. List the prime factors of w.
43
Suppose 5*y - 94 + 35 = 3*g, 39 = 3*y - 3*g. What are the prime factors of (((-20)/6)/y)/(4/(-23352))?
2, 7, 139
Suppose -3*a = -4*m + 33 + 8, 4*a + 20 = m. Let x(p) = 137*p - 104. List the prime factors of x(m).
2, 31
Suppose h - 2*q - 9 = -4, 0 = -4*h + 4*q + 20. Suppose -p + h*p + x = 123, -x = -3. Suppose -p + 396 = 3*y. List the prime factors of y.
2, 61
Let z(m) = -10*m**2 - 21*m - 38. Let c(k) = -k**3 + k**2 + k. Let t(n) = -c(n) + z(n). List the prime factors of t(13).
2, 7
Suppose 0 = -2*p - x + 17491, -2*p + 4*p + 5*x = 17503. List the prime factors of p.
2, 1093
Suppose 0 = -3*m - 2*m - 5*p, 4*m - p = 20. Suppose -k + 15 = 5*z + 2*k, -2*k + 10 = m*z. Suppose 2*g + 5*g - 679 = z. What are the prime factors of g?
97
Let x = -56 - 31. Let y(t) = 44*t + 5. Let z be y(-3). Let g = x - z. What are the prime factors of g?
2, 5
Suppose 3*x + 7*t - 6*t = 28, 3*t = -15. Let m(d) = -d**2 + 14*d - 33. Let p be m(x). Suppose 8*s - 11*s + 225 = p. What are the prime factors of s?
3, 5
Let n(k) = -51*k**3 + 14*k**2 + 52*k - 8. What are the prime factors of n(-6)?
2, 5, 7
Suppose 20970 = 64*l - 59*l. Suppose 59*p - l = 53*p. What are the prime factors of p?
3, 233
List the prime factors of (0 - 393022/(-56)) + (-5)/4.
3, 2339
Let s(w) = 11*w**2 + 26*w - 130. List the prime factors of s(9).
5, 199
Let f(k) = 19*k**2 - 15*k + 3*k + 12*k - 3 + 3*k. Suppose -2 + 0 = -r - 3*d, 4*r + 5*d - 8 = 0. List the prime factors of f(r).
79
Suppose -36*i + 892613 - 128225 = 0. List the prime factors of i.
17, 1249
Let y be -6 - ((-3)/12)/(5/20). What are the prime factors of y*(-10)/25 - -1498?
2, 3, 5
What are the prime factors of (-2906 + 0)/((-546)/77 + 7)?
2, 11, 1453
List the prime factors of 7/(-1) - (8 + 118949/(-17)).
2, 3491
Let s(t) = 4*t - 30. Let a be s(8). Let h be (-4902)/(-9) + (20/6 - a). What are the prime factors of h/(-18)*-3 - 4/(-2)?
3, 31
Let p = 83547 - 57207. List the prime factors of p.
2, 3, 5, 439
Let o(z) = 48*z + 219. Let h be o(-4). Suppose h*x + 22*x - 6909 = 0. What are the prime factors of x?
3, 47
What are the prime factors of (1984/186)/((-10)/(-645))?
2, 43
Let x = 7621 - 7608. Let g(n) = -46*n - 11. Let s(k) = 15*k + 4. Let w(i) = 2*g(i) + 7*s(i). List the prime factors of w(x).
5, 7
Suppose -3*q + q + 88 = 0. Let x be 22/q - (-3)/2. Suppose -104 = -x*b + 48. What are the prime factors of b?
2, 19
Let s(r) = 1933*r + 691. What are the prime factors of s(5)?
2, 3, 863
Suppose -189 = -3*n + 249. Suppose 2*y - 4970 = n. What are the prime factors of ((-1)/(-3))/(y/426 - 6)?
71
Let b be -8*3/(-24)*(-362)/2. Suppose 0*c - 311 = -c. Let j = b + c. List the prime factors of j.
2, 5, 13
Let q(w) = 781*w**2 + 2*w - 2. Let x be q(1). Let k = x - 374. List the prime factors of k.
11, 37
List the prime factors of (48 - -969)*(-865)/(-45).
113, 173
Let f be 10/45 - (-2)/(-9). Let x be -2*(f + -1)*(19 + 0). Suppose 3*d + 2 - x = 0. List the prime factors of d.
2, 3
Suppose y + 27 = -29. Let w be -6*y/12*7. Suppose 12*c - 8*c = w. List the prime factors of c.
7
Let q be (-1 + 2)*-701*1. Suppose -37465 = -131*t + 91046. Let o = t + q. List the prime factors of o.
2, 5, 7
Let b = 16453 + -11408. List the prime factors of b.
5, 1009
Let g(t) = -9*t + 61. Let h(y) = -22*y + 152. Let r(o) = -12*g(o) + 5*h(o). Let z be r(13). Suppose -z*s + 6*s - 284 = 0. List the prime factors of s.
71
Let p(a) = 11*a**2 - 10*a + 49. Suppose -11*s + 28 = -27. What are the prime factors of p(s)?
2, 137
Let h(z) = -2*z**3 + 59*z**2 - 42*z - 349. What are the prime factors of h(26)?
3, 1097
Let f(m) = 102*m**2 + 40*m + 114. Let s(p) = 23*p + 89. Let d be s(-4). List the prime factors of f(d).
2, 3, 19
Suppose 0 = 5*n + 7 - 42. Let a(w) = 78*w + 12. Let d(q) = 58*q + 13. Let j(x) = -3*a(x) + 4*d(x). What are the prime factors of j(n)?
2
Suppose -643 = 3*x - 5*z, 0 = 7*z - 2*z - 10. Let a = x - -223. List the prime factors of a.
2, 3
What are the prime factors of (-96)/8 + 38010/5?
2, 3, 5, 11, 23
Suppose 0 = w - 4 - 8. What are the prime factors of ((-1)/5)/((2 - w)/17650)?
353
Suppose 0 = 2*n + 11 + 301. Suppose -3*k + 233 = -4*m + 5*m, -4*k = 3*m - 689. Let y = m + n. List the prime factors of y.
71
What are the prime factors of 22992/3 - (-39 + 52)?
7, 1093
Let x(d) = -28*d - 20. Suppose -11*l = -12*l - 6. List the prime factors of x(l).
2, 37
Suppose -15*c = -8*c - 133. Suppose -254 + 5973 = c*a. What are the prime factors of a?
7, 43
Suppose 2*j - 5*n = 50503, -34845 + 9601 = -j + 5*n. List the prime factors of j.
13, 29, 67
Let z = 6837 - -4782. List the prime factors of z.
3, 1291
Let m = 51 - 55. Let d(v) = v**2 - 8*v + 4. Let a be d(12). Let h = m + a. List the prime factors of h.
2, 3
Let n(x) = x**2 + 19*x - 17. Suppose -3*c - 20 - 7 = 0. Let l be n(c). Let h = l + 178. List the prime factors of h.
71
Let k = 37 - 61. Let g be (-56)/k*(-1 - -4). Let h(l) = l**3 - 6*l**2 + l - 10. List the prime factors of h(g).
2, 23
Let f(o) = -o**3 - 8*o**2 + 3*o + 21. Let j be f(-11). Suppose -589 = -5*a - 3*q, 0*q + q - j = -3*a. Suppose 0 = l - 0*l - a. What are the prime factors of l?
2, 29
Let n(m) = 65*m + 1712. List the prime factors of n(-12).
2, 233
Let a = 873 + -877. What are the prime factors of 35720/30*(42/a)/(-7)?
2, 19, 47
What are the prime factors of 6 + ((-56)/7)/((-3)/3990)?
2, 5323
Let j(g) = 4*g**2 + g + 1019. List the prime factors of j(-42).
29, 277
Let j = -8659 + 15725. List the prime factors of j.
2, 3533
Let c(q) = 2*q**2 - 21*q - 18. Let y be c(19). Let k = -81 + y. What are the prime factors of k?
2, 7
Suppose -2*m - 4*o + 521 = 17, -5*m = -3*o - 1260. Let d = m - -108. What are the prime factors of d?
2, 3, 5
Let w = -6099 - -18781. List the prime factors of w.
2, 17, 373
Let u(b) = 5*b - 5. Let c(w) be the second derivative of -w**4/12 + 11*w**3/6 - 6*w**2 - 10*w. Let v be c(9). What are the prime factors of u(v)?
5
Let g(n) be the second derivative of n**4/12 - 5*n**3/6 + 11*n**2/2 + n - 10. List the prime factors of g(-12).
5, 43
What are the prime factors of ((-95)/190)/((-2)/88680)?
2, 3, 5, 739
Let q = 2 + 2. Suppose k + q = -2*k - c, -12 = -2*k + 3*c. Let a(h) = -h + 2. List the prime factors of a(k).
2
Suppose 270 = 15*t + 3*t. Suppose -t*f + 10*f + 515 = 0. List the prime factors of f.
103
Suppose 0 = 105*z - 222101 - 42400 - 354054. What are the prime factors of z?
43, 137
Suppose 0 = 5*c + 436 - 396. List the prime factors of 44655/52 - (-6)/c.
2, 3, 11, 13
Let g = 31 + -30. Suppose -4*j = -9 + g. Suppose 39 = c + 3*u, -87 = -j*c - 4*u - 7. List the prime factors of c.
2, 3, 7
Let w(d) be the third derivative of 0*d - 71/24*d**4 + 0 - 2*d**3 + 2*d**2. List the prime factors of w(-3).
3, 67
Let c(t) = 639*t**2 - 70*t - 456. What are the prime factors of c(-6)?
2, 3, 11, 29
What are the prime factors of ((-101966)/(-85))/((-146)/50 + 3)?
5, 2999
Let d = -3383 + 40737. What are the prime factors of d?
2, 19, 983
Let j = -18 + 25. Let v = j + -11. Let n(x) = -2*x**3 - 3*x**2 + 4*x + 5. What are the prime factors of n(v)?
3, 23
Suppose 134 = -7*m - 90. Let c = 64 + 42. 